{"id":96,"date":"2011-12-21T15:53:06","date_gmt":"2011-12-21T13:53:06","guid":{"rendered":"http:\/\/www.video-photosoffia.pl\/?page_id=96"},"modified":"2012-02-08T13:16:37","modified_gmt":"2012-02-08T11:16:37","slug":"portfolio","status":"publish","type":"page","link":"http:\/\/www.video-photosoffia.pl\/?page_id=96","title":{"rendered":"Portfolio"},"content":{"rendered":"<p><strong><span style=\"color: #f097bc;\"><span style=\"text-decoration: underline;\">Galeria zdj\u0119\u0107<\/span><br \/>\n<\/span><\/strong><\/p>\n<ul class=\"ngg-breadcrumbs\">\n    <\/ul>\n<div class=\"ngg-albumoverview\">\n\n\t<!-- List of galleries -->\n\t\n\t<div class=\"ngg-album-compact\">\n\t\t<div class=\"ngg-album-compactbox\">\n\t\t\t<div class=\"ngg-album-link\">\n                                    <a class=\"Link\" href=\"http:\/\/www.video-photosoffia.pl\/index.php\/nggallery\/portfolio\/przygotowania?page_id=96\">\n                        <img class=\"Thumb\"\n                             alt=\"Przygotowania\"\n                             src=\"http:\/\/www.video-photosoffia.pl\/wp-content\/gallery\/przygotowania\/cache\/p0014.jpg-nggid0255-ngg0dyn-240x160x100-00f0w010c011r110f110r010t010.jpg\"\/>\n                    <\/a>\n                \t\t\t<\/div>\n\t\t<\/div>\n                <h4>\n            <a class=\"ngg-album-desc\"\n               title=\"Przygotowania\"\n               href=\"http:\/\/www.video-photosoffia.pl\/index.php\/nggallery\/portfolio\/przygotowania?page_id=96\"\n               style=\"max-width: 260px\">\n                Przygotowania            <\/a>\n        <\/h4>\n\t\t<p class=\"ngg-album-gallery-image-counter\">\n\t\t\t\t\t\t\t<strong>30<\/strong>&nbsp;Zdj\u0119\u0107\t\t\t\t\t<\/p>\n\t<\/div>\n\n \t\n\t<div class=\"ngg-album-compact\">\n\t\t<div class=\"ngg-album-compactbox\">\n\t\t\t<div class=\"ngg-album-link\">\n                                    <a class=\"Link\" href=\"http:\/\/www.video-photosoffia.pl\/index.php\/nggallery\/portfolio\/kosciol?page_id=96\">\n                        <img class=\"Thumb\"\n                             alt=\"Ko\u015bci\u00f3\u0142\"\n                             src=\"http:\/\/www.video-photosoffia.pl\/wp-content\/gallery\/kosciol\/cache\/k0010.jpg-nggid0276-ngg0dyn-240x160x100-00f0w010c011r110f110r010t010.jpg\"\/>\n                    <\/a>\n                \t\t\t<\/div>\n\t\t<\/div>\n                <h4>\n            <a class=\"ngg-album-desc\"\n               title=\"Ko\u015bci\u00f3\u0142\"\n               href=\"http:\/\/www.video-photosoffia.pl\/index.php\/nggallery\/portfolio\/kosciol?page_id=96\"\n               style=\"max-width: 260px\">\n                Ko\u015bci\u00f3\u0142            <\/a>\n        <\/h4>\n\t\t<p class=\"ngg-album-gallery-image-counter\">\n\t\t\t\t\t\t\t<strong>26<\/strong>&nbsp;Zdj\u0119\u0107\t\t\t\t\t<\/p>\n\t<\/div>\n\n \t\n\t<div class=\"ngg-album-compact\">\n\t\t<div class=\"ngg-album-compactbox\">\n\t\t\t<div class=\"ngg-album-link\">\n                                    <a class=\"Link\" href=\"http:\/\/www.video-photosoffia.pl\/index.php\/nggallery\/portfolio\/zabawa?page_id=96\">\n                        <img class=\"Thumb\"\n                             alt=\"Zabawa\"\n                             src=\"http:\/\/www.video-photosoffia.pl\/wp-content\/gallery\/zabawa\/cache\/z0033.jpg-nggid03131-ngg0dyn-240x160x100-00f0w010c011r110f110r010t010.jpg\"\/>\n                    <\/a>\n                \t\t\t<\/div>\n\t\t<\/div>\n                <h4>\n            <a class=\"ngg-album-desc\"\n               title=\"Zabawa\"\n               href=\"http:\/\/www.video-photosoffia.pl\/index.php\/nggallery\/portfolio\/zabawa?page_id=96\"\n               style=\"max-width: 260px\">\n                Zabawa            <\/a>\n        <\/h4>\n\t\t<p class=\"ngg-album-gallery-image-counter\">\n\t\t\t\t\t\t\t<strong>33<\/strong>&nbsp;Zdj\u0119\u0107\t\t\t\t\t<\/p>\n\t<\/div>\n\n \t\n\t<div class=\"ngg-album-compact\">\n\t\t<div class=\"ngg-album-compactbox\">\n\t\t\t<div class=\"ngg-album-link\">\n                                    <a class=\"Link\" href=\"http:\/\/www.video-photosoffia.pl\/index.php\/nggallery\/portfolio\/sesja?page_id=96\">\n                        <img class=\"Thumb\"\n                             alt=\"Sesja\"\n                             src=\"http:\/\/www.video-photosoffia.pl\/wp-content\/gallery\/sesja\/cache\/s0022.jpg-nggid03153-ngg0dyn-240x160x100-00f0w010c011r110f110r010t010.jpg\"\/>\n                    <\/a>\n                \t\t\t<\/div>\n\t\t<\/div>\n                <h4>\n            <a class=\"ngg-album-desc\"\n               title=\"Sesja\"\n               href=\"http:\/\/www.video-photosoffia.pl\/index.php\/nggallery\/portfolio\/sesja?page_id=96\"\n               style=\"max-width: 260px\">\n                Sesja            <\/a>\n        <\/h4>\n\t\t<p class=\"ngg-album-gallery-image-counter\">\n\t\t\t\t\t\t\t<strong>25<\/strong>&nbsp;Zdj\u0119\u0107\t\t\t\t\t<\/p>\n\t<\/div>\n\n \t\n\t<div class=\"ngg-album-compact\">\n\t\t<div class=\"ngg-album-compactbox\">\n\t\t\t<div class=\"ngg-album-link\">\n                                    <a class=\"Link\" href=\"http:\/\/www.video-photosoffia.pl\/index.php\/nggallery\/portfolio\/fotki-z-wesela-wioli-i-darka?page_id=96\">\n                        <img class=\"Thumb\"\n                             alt=\"Fotki z wesela Wioli i Darka\"\n                             src=\"http:\/\/www.video-photosoffia.pl\/wp-content\/gallery\/fotki-z-wesela-wioli-i-darka\/cache\/0000001539-ak0010.jpg-nggid03179-ngg0dyn-240x160x100-00f0w010c011r110f110r010t010.jpg\"\/>\n                    <\/a>\n                \t\t\t<\/div>\n\t\t<\/div>\n                <h4>\n            <a class=\"ngg-album-desc\"\n               title=\"Fotki z wesela Wioli i Darka\"\n               href=\"http:\/\/www.video-photosoffia.pl\/index.php\/nggallery\/portfolio\/fotki-z-wesela-wioli-i-darka?page_id=96\"\n               style=\"max-width: 260px\">\n                Fotki z wesela Wioli i Darka            <\/a>\n        <\/h4>\n\t\t<p class=\"ngg-album-gallery-image-counter\">\n\t\t\t\t\t\t\t<strong>14<\/strong>&nbsp;Zdj\u0119\u0107\t\t\t\t\t<\/p>\n\t<\/div>\n\n \t\n\t<div class=\"ngg-album-compact\">\n\t\t<div class=\"ngg-album-compactbox\">\n\t\t\t<div class=\"ngg-album-link\">\n                                    <a class=\"Link\" href=\"http:\/\/www.video-photosoffia.pl\/index.php\/nggallery\/portfolio\/danuta-i-lukasz?page_id=96\">\n                        <img class=\"Thumb\"\n                             alt=\"Danuta i \u0141ukasz\"\n                             src=\"http:\/\/www.video-photosoffia.pl\/wp-content\/gallery\/danuta-i-lukasz\/cache\/dsc0061.jpg-nggid03565-ngg0dyn-240x160x100-00f0w010c011r110f110r010t010.jpg\"\/>\n                    <\/a>\n                \t\t\t<\/div>\n\t\t<\/div>\n                <h4>\n            <a class=\"ngg-album-desc\"\n               title=\"Danuta i \u0141ukasz\"\n               href=\"http:\/\/www.video-photosoffia.pl\/index.php\/nggallery\/portfolio\/danuta-i-lukasz?page_id=96\"\n               style=\"max-width: 260px\">\n                Danuta i \u0141ukasz            <\/a>\n        <\/h4>\n\t\t<p class=\"ngg-album-gallery-image-counter\">\n\t\t\t\t\t\t\t<strong>61<\/strong>&nbsp;Zdj\u0119\u0107\t\t\t\t\t<\/p>\n\t<\/div>\n\n \t\n\t<div class=\"ngg-album-compact\">\n\t\t<div class=\"ngg-album-compactbox\">\n\t\t\t<div class=\"ngg-album-link\">\n                                    <a class=\"Link\" href=\"http:\/\/www.video-photosoffia.pl\/index.php\/nggallery\/portfolio\/emilia-i-karol?page_id=96\">\n                        <img class=\"Thumb\"\n                             alt=\"Emilia i Karol\"\n                             src=\"http:\/\/www.video-photosoffia.pl\/wp-content\/gallery\/emilia-i-karol\/cache\/c136.jpg-nggid03508-ngg0dyn-240x160x100-00f0w010c011r110f110r010t010.jpg\"\/>\n                    <\/a>\n                \t\t\t<\/div>\n\t\t<\/div>\n                <h4>\n            <a class=\"ngg-album-desc\"\n               title=\"Emilia i Karol\"\n               href=\"http:\/\/www.video-photosoffia.pl\/index.php\/nggallery\/portfolio\/emilia-i-karol?page_id=96\"\n               style=\"max-width: 260px\">\n                Emilia i Karol            <\/a>\n        <\/h4>\n\t\t<p class=\"ngg-album-gallery-image-counter\">\n\t\t\t\t\t\t\t<strong>153<\/strong>&nbsp;Zdj\u0119\u0107\t\t\t\t\t<\/p>\n\t<\/div>\n\n \t\n\t<div class=\"ngg-album-compact\">\n\t\t<div class=\"ngg-album-compactbox\">\n\t\t\t<div class=\"ngg-album-link\">\n                                    <a class=\"Link\" href=\"http:\/\/www.video-photosoffia.pl\/index.php\/nggallery\/portfolio\/sesja-indywidualna?page_id=96\">\n                        <img class=\"Thumb\"\n                             alt=\"Sesja indywidualna\"\n                             src=\"http:\/\/www.video-photosoffia.pl\/wp-content\/gallery\/sesja-indywidualna\/cache\/dsc0020.jpg-nggid03606-ngg0dyn-240x160x100-00f0w010c011r110f110r010t010.jpg\"\/>\n                    <\/a>\n                \t\t\t<\/div>\n\t\t<\/div>\n                <h4>\n            <a class=\"ngg-album-desc\"\n               title=\"Sesja indywidualna\"\n               href=\"http:\/\/www.video-photosoffia.pl\/index.php\/nggallery\/portfolio\/sesja-indywidualna?page_id=96\"\n               style=\"max-width: 260px\">\n                Sesja indywidualna            <\/a>\n        <\/h4>\n\t\t<p class=\"ngg-album-gallery-image-counter\">\n\t\t\t\t\t\t\t<strong>13<\/strong>&nbsp;Zdj\u0119\u0107\t\t\t\t\t<\/p>\n\t<\/div>\n\n \t\n\t<!-- Pagination -->\n    <br class=\"ngg-clear\"\/>\n \t<div class='ngg-clear'><\/div><\/div>\n\n\n<p><span style=\"text-decoration: underline;\"><strong><span style=\"color: #f097bc; text-decoration: underline;\">Galeria filmik\u00f3w<\/span><\/strong><\/span><\/p>\n<div class=\"ramka\"><iframe loading=\"lazy\" src=\"http:\/\/player.vimeo.com\/video\/35619146?title=0&amp;byline=0&amp;portrait=0\" frameborder=\"80\" width=\"300\" height=\"200\"><\/iframe><\/div>\n<div class=\"ramka\"><iframe loading=\"lazy\" src=\"http:\/\/player.vimeo.com\/video\/35623866?title=0&amp;byline=0&amp;portrait=0\" frameborder=\"80\" width=\"300\" height=\"200\"><\/iframe><\/div>\n<div class=\"ramka\"><iframe loading=\"lazy\" src=\"http:\/\/player.vimeo.com\/video\/35623866?title=0&amp;byline=0&amp;portrait=0\" frameborder=\"80\" width=\"300\" height=\"200\"><\/iframe><\/div>\n<p>&nbsp;<\/p>\n<p>Wi\u0119cej filmik\u00f3w <a href=\"http:\/\/vimeo.com\/user9875953\">na stronie\u00bb<\/a><\/p>\n","protected":false},"excerpt":{"rendered":"<p>Galeria zdj\u0119\u0107 Galeria filmik\u00f3w &nbsp; Wi\u0119cej filmik\u00f3w na stronie\u00bb<\/p>\n","protected":false},"author":1,"featured_media":229,"parent":0,"menu_order":9,"comment_status":"closed","ping_status":"closed","template":"","meta":{"ngg_post_thumbnail":0},"_links":{"self":[{"href":"http:\/\/www.video-photosoffia.pl\/index.php?rest_route=\/wp\/v2\/pages\/96"}],"collection":[{"href":"http:\/\/www.video-photosoffia.pl\/index.php?rest_route=\/wp\/v2\/pages"}],"about":[{"href":"http:\/\/www.video-photosoffia.pl\/index.php?rest_route=\/wp\/v2\/types\/page"}],"author":[{"embeddable":true,"href":"http:\/\/www.video-photosoffia.pl\/index.php?rest_route=\/wp\/v2\/users\/1"}],"replies":[{"embeddable":true,"href":"http:\/\/www.video-photosoffia.pl\/index.php?rest_route=%2Fwp%2Fv2%2Fcomments&post=96"}],"version-history":[{"count":56,"href":"http:\/\/www.video-photosoffia.pl\/index.php?rest_route=\/wp\/v2\/pages\/96\/revisions"}],"predecessor-version":[{"id":286,"href":"http:\/\/www.video-photosoffia.pl\/index.php?rest_route=\/wp\/v2\/pages\/96\/revisions\/286"}],"wp:featuredmedia":[{"embeddable":true,"href":"http:\/\/www.video-photosoffia.pl\/index.php?rest_route=\/wp\/v2\/media\/229"}],"wp:attachment":[{"href":"http:\/\/www.video-photosoffia.pl\/index.php?rest_route=%2Fwp%2Fv2%2Fmedia&parent=96"}],"curies":[{"name":"wp","href":"https:\/\/api.w.org\/{rel}","templated":true}]}}